
-2c8 (base 16) to base 11
-598
Convert -7502 (base 8) to base 5.
-111111
Convert 1111101 (base 2) to base 3.
11122
Convert 102122 (base 5) to base 15.
1027
Convert 122ca (base 13) to base 7.
166356
What is -215 (base 12) in base 14?
-17b
Convert -1132432 (base 5) to base 13.
-972a
What is 154 (base 9) in base 10?
130
What is 67157 (base 10) in base 15?
14d72
Convert 17e6 (base 15) to base 7.
21030
Convert db (base 15) to base 7.
413
What is 1012100 (base 3) in base 2?
1101101001
Convert 12101032 (base 4) to base 7.
134602
Convert -2134 (base 6) to base 16.
-1ea
What is 818 (base 9) in base 4?
22121
-1111111100101011 (base 2) to base 3
-10022121101
-121 (base 4) to base 2
-11001
What is -43113 (base 10) in base 4?
-22201221
Convert 4ec0 (base 16) to base 14.
74c0
Convert -10464 (base 7) to base 14.
-d6b
Convert 1235 (base 6) to base 5.
2221
Convert -202222 (base 4) to base 7.
-6316
Convert -1327 (base 14) to base 11.
-2591
-1684 (base 9) to base 10
-1291
-43542 (base 6) to base 5
-143123
-299 (base 13) to base 12
-328
Convert 512 (base 9) to base 11.
349
2121101221 (base 3) to base 2
1100100001111101
Convert -210022 (base 3) to base 5.
-4300
Convert -6353 (base 8) to base 16.
-ceb
-a1c8 (base 13) to base 11
-15836
What is 3123 (base 10) in base 9?
4250
What is -b9d (base 16) in base 2?
-101110011101
What is 0 (base 13) in base 15?
0
Convert 2243 (base 7) to base 8.
1457
Convert 718 (base 10) to base 15.
32d
Convert 55121 (base 6) to base 8.
16671
2466 (base 7) to base 6
4150
What is 200200202 (base 3) in base 4?
3110330
What is -2000110 (base 4) in base 2?
-10000000010100
-1011111000 (base 2) to base 8
-1370
-1144 (base 15) to base 11
-2831
What is -4214 (base 8) in base 9?
-3001
What is -1c6 (base 14) in base 6?
-1414
Convert 985a (base 13) to base 11.
14a23
Convert 1511 (base 12) to base 6.
15221
-14634 (base 7) to base 14
-16c4
Convert 436 (base 13) to base 15.
331
Convert -a551 (base 12) to base 16.
-468d
3829 (base 11) to base 16
1380
233113 (base 4) to base 5
44111
-141 (base 9) to base 14
-86
-1e (base 15) to base 8
-35
30031 (base 5) to base 7
5341
2a33 (base 13) to base 2
1011111101110
-1431 (base 7) to base 9
-683
Convert -1043 (base 6) to base 10.
-243
What is 101111111 (base 3) in base 12?
451a
What is 594 (base 15) in base 13?
763
Convert 1c4b (base 13) to base 14.
17c4
What is -1221201 (base 3) in base 13?
-856
Convert 30321233 (base 4) to base 5.
3142342
Convert 2115 (base 9) to base 11.
1192
-32322232 (base 4) to base 11
-419a8
What is -17 (base 16) in base 11?
-21
-5132 (base 8) to base 4
-221122
Convert 4121 (base 6) to base 14.
493
-655 (base 9) to base 11
-448
Convert -408b (base 13) to base 12.
-519b
-42 (base 7) to base 16
-1e
57776 (base 8) to base 3
1020201011
What is 2234 (base 9) in base 14?
85d
-1334 (base 7) to base 2
-1000000011
What is -1035 (base 10) in base 7?
-3006
100101100101 (base 2) to base 3
10022002
Convert 1442 (base 5) to base 11.
205
Convert 100011001110 (base 2) to base 6.
14234
What is 10111110111100 (base 2) in base 13?
5740
Convert 15b7b (base 13) to base 14.
111ab
Convert 530 (base 15) to base 2.
10010010010
What is -2070 (base 8) in base 12?
-760
-22105 (base 6) to base 14
-118d
What is 141b2 (base 13) in base 7?
214543
Convert -10396 (base 10) to base 5.
-313041
Convert -100304 (base 7) to base 12.
-9992
Convert -30233 (base 5) to base 3.
-2122222
Convert 9260 (base 11) to base 16.
2fff
-127 (base 10) to base 11
-106
2013 (base 7) to base 10
696
Convert -100011110111 (base 2) to base 12.
-13b3
Convert 1012 (base 4) to base 13.
55
Convert -1101100 (base 2) to base 3.
-11000
What is 308a (base 12) in base 11?
3a7a
11255 (base 6) to base 15
72e
What is 56 (base 14) in base 6?
204
What is -1421330 (base 5) in base 10?
-29590
-21011020 (base 3) to base 15
-182c
What is -44031 (base 5) in base 13?
-14b0
103546 (base 7) to base 16
46c3
-468 (base 11) to base 15
-273
Convert 6632 (base 7) to base 3.
10020222
What is -110001101001101 (base 2) in base 10?
-25421
206065 (base 7) to base 12
18807
Convert 334352 (base 7) to base 9.
100155
Convert -451406 (base 7) to base 16.
-137a2
-255b (base 14) to base 10
-6549
-247 (base 15) to base 12
-371
Convert 974 (base 10) to base 6.
4302
Convert ab57 (base 15) to base 6.
440031
What is -37464 (base 9) in base 14?
-925a
Convert 185 (base 10) to base 9.
225
What is 105656 (base 7) in base 14?
6c2d
Convert 16633 (base 10) to base 13.
7756
Convert 1a723 (base 11) to base 15.
8818
Convert 512 (base 15) to base 3.
1120022
What is -1143 (base 6) in base 16?
-117
-1010423 (base 6) to base 7
-260160
What is -18042 (base 10) in base 5?
-1034132
4099 (base 13) to base 9
13204
What is 424064 (base 7) in base 11?
50201
What is -2018 (base 12) in base 10?
-3476
Convert 110001 (base 3) to base 16.
145
388 (base 16) to base 15
404
What is 8158 (base 13) in base 8?
42632
230331 (base 5) to base 9
12238
What is 1999 (base 10) in base 14?
a2b
Convert 443134 (base 5) to base 3.
210011002
Convert 10000011101 (base 2) to base 9.
1400
What is 1101111 (base 2) in base 5?
421
-74 (base 11) to base 8
-121
Convert -110213 (base 5) to base 11.
-2952
What is -71466 (base 8) in base 15?
-8b14
Convert -8d5f (base 16) to base 13.
-1361c
53620 (base 7) to base 14
4c10
What is -10111110010 (base 2) in base 14?
-7aa
Convert -10014 (base 5) to base 7.
-1564
Convert -1133112 (base 4) to base 16.
-17d6
Convert 3242 (base 6) to base 2.
1011101010
Convert -102b (base 13) to base 6.
-14202
What is 3c (base 15) in base 16?
39
What is 103e (base 15) in base 13?
1742
-6550 (base 10) to base 11
-4a15
What is -12212 (base 5) in base 6?
-4152
What is 1395 (base 11) in base 10?
1798
What is 1c33b (base 13) in base 16?
d8ba
What is 2141 (base 6) in base 10?
493
Convert -83160 (base 9) to base 6.
-1101430
Convert 155104 (base 6) to base 2.
11110000010000
What is -12211 (base 3) in base 6?
-421
What is 8d30 (base 14) in base 3?
1020122222
Convert -2111 (base 4) to base 8.
-225
Convert 303011 (base 4) to base 9.
4432
Convert -23087 (base 14) to base 13.
-2ca07
What is 249 (base 10) in base 15?
119
a07 (base 11) to base 16
4c1
Convert 114233 (base 5) to base 11.
3276
What is 122 (base 14) in base 8?
342
Convert -5c7b (base 13) to base 5.
-404430
110112122 (base 3) to base 5
243033
What is 20066 (base 11) in base 6?
343522
-272 (base 8) to base 16
-ba
3047 (base 9) to base 14
b54
-41133 (base 6) to base 4
-1111101
Convert 76d (base 15) to base 4.
122032
What is -1b5 (base 14) in base 13?
-214
What is -129d5 (base 14) in base 11?
-314a7
What is -16417 (base 10) in base 12?
-9601
-445405 (base 6) to base 15
-b1b2
Convert 1a3 (base 16) to base 10.
419
Convert -29625 (base 11) to base 7.
-233330
What is -1010001101 (base 2) in base 12?
-465
-9a7 (base 11) to base 14
-622
Convert 1313 (base 6) to base 10.
333
Convert 6b3 (base 14) to base 13.
7b7
-1aa (base 14) to base 15
-181
Convert -a95 (base 14) to base 3.
-2212110
What is 1111120 (base 3) in base 2?
10001000111
-71 (base 15) to base 5
-411
What is 3948 (base 14) in base 13?
476b
Convert 13ba (base 13) to base 4.
230221
Convert 1526 (base 8) to base 5.
11404
Convert -741 (base 10) to base 8.
-1345
What is -741 (base 9) in base 16?
-25c
Convert 145c (base 16) to base 2.
1010001011100
-1234 (base 8) to base 15
-2e8
Convert 20310 (base 9) to base 4.
3100332
11423 (base 5) to base 15
3c8
What is 41511 (base 8) in base 12?
9b75
Convert -10971 (base 10) to base 3.
-120001100
28 (base 12) to base 3
1012
What is 6466 (base 9) in base 8?
11226
-1022010011 (base 3) to base 12
-12994
What is -918 (base 16) in base 3?
-10012020
Convert -222103 (base 6) to base 8.
-44267
Convert 22247 (base 8) to base 2.
10010010100111
1055 (base 6) to base 15
11b
-10212 (base 3) to base 6
-252
5895 (base 10) to base 8
13407
Convert 211130 (base 4) to base 10.
2396
What is -10022010 (base 3) in base 4?
-211212
What is 2767 (base 11) in base 4?
313332
Convert 274d (base 16) to base 8.
23515
What is 2b78 (base 12) in base 9?
7032
What is 113 (base 13) in base 14?
d3
-34a5 (base 12) to base 11
-4470
What is c7c6 (base 15) in base 3?
2010222020
What is 55042 (base 6) in base 9?
11358
What is -48837 (base 9) in base 3?
-1122221021
Convert 26646 (base 8) to base 4.
2312212
992 (base 10) to base 15
